base 11?
194003
What is -10010000111000 (base 2) in base 14?
-3544
What is 14276043 (base 9) in base 12?
2453703
Convert -4626303 (base 7) to base 10.
-578448
-450056 (base 7) to base 16
-135aa
a13a7 (base 12) to base 2
110011001011101111
Convert 353324 (base 7) to base 15.
13cb5
What is 39457 (base 11) in base 4?
31302000
Convert -65665 (base 10) to base 8.
-200201
Convert 102321554 (base 6) to base 15.
2581bd
What is 3320330 (base 4) in base 11?
10a74
What is 22211122112102 (base 3) in base 14?
8a3c00
223370 (base 10) to base 14
5b590
-6224664 (base 7) to base 11
-46a552
-45254a (base 11) to base 14
-14a92a
What is -416815 (base 9) in base 2?
-111100011111110001
What is -98809 (base 11) in base 6?
-3023510
Convert 1a603c (base 13) to base 5.
132421021
330330212 (base 4) to base 3
110200102212
Convert 422507 (base 8) to base 4.
202111013
What is -417251 (base 8) in base 9?
-231506
What is 3313212223 (base 4) in base 8?
3674653
What is 672160 (base 9) in base 4?
1202012112
What is -dd40b4 (base 15) in base 3?
-201211200012021
53a08 (base 11) to base 5
10002131
Convert 203135220 (base 7) to base 4.
231123110202
What is -10001100110101100111 (base 2) in base 7?
-4621561
Convert -10110011100101000111 (base 2) to base 3.
-1101100222221
Convert -6733467 (base 10) to base 3.
-110200002120200
Convert 454323 (base 7) to base 5.
10041034
Convert 47532071 (base 8) to base 13.
2202146
Convert -2a6d3 (base 14) to base 7.
-616653
414189 (base 15) to base 16
2f551b
Convert 491345 (base 10) to base 11.
306178
-66986 (base 15) to base 8
-1175007
Convert -1100000110 (base 4) to base 10.
-327700
Convert 320634 (base 7) to base 2.
1101100011110110
What is 11001110011100001 (base 2) in base 11?
72459
-36341 (base 8) to base 10
-15585
Convert -13414233 (base 5) to base 10.
-138693
What is -569021 (base 12) in base 9?
-2538627
Convert -320313201323 (base 4) to base 3.
-1001001101021012
200133121 (base 5) to base 8
3000345
-1841165 (base 9) to base 10
-1030946
What is 4652445 (base 7) in base 16?
8eaa6
-75c84c (base 14) to base 10
-3991412
What is -e702 (base 16) in base 11?
-40482
What is -50666 (base 10) in base 9?
-76445
-5727032 (base 9) to base 7
-35153153
1c40b1 (base 13) to base 3
1100201201012
What is 354204012 (base 6) in base 14?
c4c584
What is -2760256 (base 8) in base 7?
-6421300
What is -1042201 (base 5) in base 7?
-104502
What is -856721 (base 13) in base 16?
-2fb8f5
What is 20edb6 (base 16) in base 11?
1244384
1221201210 (base 4) to base 8
1514144
Convert -221064 (base 10) to base 9.
-366216
-2244144112 (base 5) to base 15
-6a1c57
What is -441263 (base 8) in base 16?
-242b3
a870a (base 14) to base 5
101014434
113000332 (base 4) to base 6
2004234
-12219 (base 14) to base 3
-2020210110
11110111010000011101 (base 2) to base 10
1012765
-65a9a5 (base 11) to base 4
-10001111021
Convert -1e94 (base 15) to base 3.
-100010211
Convert -1753088 (base 9) to base 14.
-1b713a
What is -858507 (base 9) in base 4?
-1330313101
Convert -2023232 (base 7) to base 14.
-63cc2
-100011011000100011 (base 2) to base 11
-99986
-21040200 (base 5) to base 2
-101010100101011001
Convert -313214231 (base 5) to base 11.
-810a52
Convert -4420553 (base 6) to base 14.
-5a525
What is 1a89535 (base 13) in base 12?
2b3a1b5
Convert 100010011100111011111100 (base 2) to base 6.
521324044
What is 55214121 (base 7) in base 14?
8b6911
5b20b5 (base 16) to base 3
102020102020201
Convert 10210212220 (base 3) to base 8.
222373
Convert -1afb6 (base 16) to base 4.
-122332312
What is 1224320 (base 5) in base 13?
aa3b
Convert -547a3 (base 13) to base 9.
-252668
-100201122012 (base 3) to base 15
-3bae2
What is -5ac4c0 (base 13) in base 15?
-2ccb31
Convert -112101202 (base 4) to base 10.
-91234
Convert -10302233211 (base 4) to base 15.
-19c416
What is -303662 (base 7) in base 9?
-78032
114010311 (base 5) to base 12
217a18
Convert -144221321 (base 5) to base 6.
-24324132
Convert -1a5605 (base 12) to base 2.
-1110001101100100101
16ebc (base 16) to base 7
540500
Convert -136b88 (base 13) to base 9.
-788567
What is -534a30 (base 11) in base 14?
-183c09
What is 20210112111022 (base 3) in base 9?
6715438
Convert 10022022012 (base 3) to base 2.
1111111001001110
-120100202120 (base 3) to base 5
-34133421
What is 3275014 (base 12) in base 8?
44520320
Convert -20424 (base 11) to base 12.
-152a8
What is -1721320 (base 8) in base 15?
-9d422
Convert 1a61 (base 14) to base 10.
4789
Convert -101112101322 (base 4) to base 8.
-21262172
56266363 (base 7) to base 8
22457227
Convert -20011101 (base 5) to base 12.
-76a56
What is -1023d (base 16) in base 11?
-4573a
Convert -116198 (base 10) to base 11.
-7a335
-1026422 (base 7) to base 3
-20100002022
What is -18c36e (base 16) in base 15?
-220cce
What is -50464542 (base 7) in base 5?
-2033412441
1a20c (base 16) to base 15
21a9a
582787 (base 13) to base 5
1013400031
-5131722 (base 8) to base 5
-321404004
What is -20133113 (base 6) in base 12?
-237199
What is -101776 (base 8) in base 4?
-20033332
What is -3bb9 (base 14) in base 8?
-24467
Convert 21102414 (base 5) to base 11.
10a828
Convert 6b3ca (base 15) to base 5.
41413430
What is 329914 (base 12) in base 10?
804832
-4a5c32 (base 14) to base 16
-26ef14
-a082b (base 15) to base 12
-20604b
446348 (base 12) to base 10
1089128
-335507 (base 9) to base 6
-4150011
What is 1a9091a (base 13) in base 14?
1250564
Convert -43531 (base 8) to base 3.
-221001111
-11121202210 (base 3) to base 10
-90957
-304b0b (base 13) to base 11
-6a8977
What is 16528 (base 16) in base 9?
148371
87867 (base 13) to base 15
4ca39
What is 2118772 (base 9) in base 8?
4250554
311700 (base 8) to base 12
4b994
-80869 (base 10) to base 5
-10041434
What is -269b1 (base 14) in base 9?
-154544
Convert -14333a (base 11) to base 9.
-371254
-16142430 (base 8) to base 4
-32030110120
What is 374444 (base 9) in base 6?
4503534
What is 203868 (base 11) in base 7?
2531516
-2123400 (base 7) to base 16
-3f054
-34b952 (base 15) to base 4
-21213030230
-220011202120 (base 3) to base 15
-95ee3
Convert -677b69 (base 16) to base 4.
-121313231221
-453014 (base 7) to base 10
-80273
What is -100131012 (base 4) in base 12?
-33006
What is -341446 (base 7) in base 13?
-21775
What is 81a959 (base 11) in base 6?
44123332
-2591205 (base 10) to base 5
-1130404310
What is 11101011000010110 (base 2) in base 14?
31bdc
What is -311820 (base 9) in base 16?
-2d30f
Convert -108d38 (base 15) to base 4.
-3000231221
Convert -2451302 (base 9) to base 5.
-320122412
What is 11d5bc (base 14) in base 13?
186074
What is -549a7 (base 11) in base 3?
-11001101011
What is 101a81 (base 11) in base 2?
100111111101100001
Convert 26e802 (base 15) to base 16.
1c8ec0
-5632443 (base 10) to base 2
-10101011111000110111011
-16261645 (base 8) to base 12
-1314659
-1113124 (base 12) to base 13
-8a2341
What is -63b3 (base 13) in base 2?
-11011000001011
What is -230511 (base 7) in base 16?
-a06e
What is -5a5f59 (base 16) in base 6?
-330535401
41103063 (base 7) to base 2
1101000101010101000110
Convert 133c62 (base 16) to base 8.
4636142
What is -cd8b2 (base 14) in base 11?
-3104a0
What is 97453 (base 10) in base 12?
48491
What is 1177274 (base 8) in base 6?
11003312
-d481 (base 16) to base 9
-82555
Convert -589a1 (base 14) to base 9.
-358180
What is -160143 (base 7) in base 14?
-b593
-142515 (base 9) to base 10
-87170
-1b8451 (base 12) to base 11
-306208
What is -928874 (base 11) in base 5?
-340143223
Convert -12100131013 (base 4) to base 13.
-455791
-322d (base 14) to base 3
-102212221
What is -3244343 (base 5) in base 16?
-db9f
Convert 2203133332 (base 4) to base 9.
1230574
522883 (base 10) to base 2
1111111101010000011
-24110224 (base 6) to base 9
-1371507
Convert -1b93b0 (base 15) to base 6.
-44514133
What is -f9e72 (base 16) in base 14?
-1c9066
-1305446 (base 9) to base 16
-adf97
Convert -2aa066a (base 13) to base 6.
-1204345312
-12022210121 (base 3) to base 14
-2a2bc
92bc82 (base 13) to base 3
20110000022002
Convert 133032212 (base 4) to base 9.
214412
What is 643302 (base 10) in base 4?
2131003212
5a249 (base 12) to base 8
354731
What is 166428 (base 9) in base 10?
103139
What is -2327765 (base 10) in base 15?
-30ea95
17cbc (base 13) to base 14
12b47
What is 1311333302 (base 4) in base 10?
483314
What is -27637021 (bas